 s = -78 - -141. Suppose -q = -s - 2. Is q prime?
False
Let r(q) = -2 + 3 + 3*q - 13*q**3 - 13*q**3 - 4*q. Is r(-2) prime?
True
Suppose -3*a - 15 = 2*a. Is (-8)/12 + (-161)/a a prime number?
True
Let k = -3 + 0. Let f(i) = 8*i**2 - i + 2. Is f(k) a composite number?
True
Suppose 0 = 3*y - k - 6, 0 = -2*y - 0*k + 5*k + 4. Suppose -z - y*f = -25, 0 = -4*f - 17 - 3. Is z composite?
True
Let l = 82 - 13. Suppose -3*x - 3*f - l = -5*x, x + 3*f - 39 = 0. Let p = 51 - x. Is p a composite number?
True
Let d = -3 + 10. Let n = d + 112. Is n prime?
False
Let t be 2 + 17 - (1 + 0). Suppose 3*v = -5*j - 14, 3*v - 2*v - t = 4*j. Suppose 19 = -v*m + 153. Is m composite?
False
Let k(i) = 26*i**2 + 2*i + 1. Is k(-4) a composite number?
False
Let u(l) = 2*l**2 + 8*l + 23. Is u(-18) a composite number?
True
Let h = -20 + 57. Is h composite?
False
Let x = -7 + 11. Let p(o) = o**3 - o**2 - 3*o + 3. Let f be p(x). Let i = 38 + f. Is i a composite number?
True
Let z(i) = -8*i - 1 - 64*i - 84*i. Is z(-1) prime?
False
Let c = -345 - -1126. Is c composite?
True
Let k(p) be the second derivative of p**4/12 - p**3/3 - p**2/2 - 4*p. Let d be k(7). Suppose d = 2*q - 40. Is q prime?
True
Suppose -4*t + t = 18. Let i = 26 + t. Let y = i + -1. Is y prime?
True
Let a = -7 - -30. Suppose 0*z = -5*z - 80. Let p = z + a. Is p composite?
False
Let z = -42 - -98. Let w = 169 - z. Is w a composite number?
False
Let o = 686 + -373. Suppose -q + c - o = -5*q, 0 = q + 2*c - 73. Is q a composite number?
False
Let m(n) = -3*n - 13. Let h be m(10). Let x(l) = -10*l. Let q be x(1). Let j = q - h. Is j a composite number?
True
Suppose -h + 6 = -2*h. Let g be h/(-2) - (-3)/(-3). Suppose -21 - g = -m. Is m a composite number?
False
Let u be 316/(-2)*4/2. Let s = -111 - u. Is s a composite number?
True
Let y = 41 - 29. Suppose 4*g - y = -j + g, j - 6 = -g. Suppose -j*d - z + 5*z + 133 = 0, 3*d - 5*z = 131. Is d a composite number?
False
Let j = -11 + 15. Is 4/6*1338/j composite?
False
Suppose 8*l - 6*l - 434 = 0. Is l prime?
False
Suppose -6*p + 7*p = 0. Let k = 23 + p. Is k a prime number?
True
Let p(a) = 11*a**2 + 34*a**3 - 11*a**2 + a. Is p(1) composite?
True
Let p(z) = -11*z**3 - z**2 - z. Is p(-1) a composite number?
False
Suppose -12 - 23 = 5*n. Let c = n + 14. Is c a prime number?
True
Suppose 5*p + 0*p = 0. Let g be (-2 + p)/((-8)/396). Suppose s = 0, 0 = 3*r - s + 24 - g. Is r composite?
True
Suppose -168 - 1140 = -2*u. Let t be ((-8)/12)/((-2)/u). Suppose 0 = 4*h + n - 230 + 11, 2*n - t = -4*h. Is h prime?
False
Let w be 2/7 + 24/14. Let r(f) = f + 13. Let t be r(-11). Suppose -t*h = -4*i - 58, -w*h = i - 6*i - 55. Is h a prime number?
False
Let v = 26 - 36. Let c(i) = -i**3 - 8*i**2 + 15*i + 9. Is c(v) composite?
False
Let q(w) = -66*w**3 - 4*w**2 - 6*w - 5. Is q(-3) a prime number?
True
Is 1/(30/(-33) - -1) a composite number?
False
Let z(u) = 0 + u + 0 + u**2. Let v(n) = 2*n**2 + 5*n. Let m(i) = -v(i) + z(i). Is m(-2) a prime number?
False
Suppose 0 = 5*d - 3746 - 2079. Is d composite?
True
Let c(o) = o - 4. Let t be c(-3). Let q = t - -20. Is q a composite number?
False
Is -3 + 53190/39 - (-4)/26 prime?
True
Let l = 5172 + -3533. Is l a composite number?
True
Suppose -5*m + 3*i + 1063 = 0, m + 5*i + 429 = 3*m. Let a = 299 - m. Suppose a = f - 148. Is f a composite number?
True
Let w(t) = 19*t**2 - 5*t + 3. Is w(3) a composite number?
True
Suppose 4*j - 2 = 6. Suppose w - j = 9. Suppose -p + w = -0*p. Is p prime?
True
Let d = 18 - 14. Is (3/3)/(d/348) prime?
False
Let k be 8/5 + 9/(-15). Suppose 11 = -m + k. Is m*(-1 - 45/6) composite?
True
Suppose 4*g - 3*g = -3*o + 473, -o = -5*g + 2349. Suppose 6*i - g = i. Is i a prime number?
False
Let l = 3 - -66. Is l a composite number?
True
Let x be ((-6)/(-21))/((-4)/(-28)). Is (1 + -155)*(-1)/x a composite number?
True
Let g = 199 - 50. Is g composite?
False
Suppose -2*x - 2*x - 4 = 0, 4*m - 5*x = 1297. Is m a prime number?
False
Suppose -3*i = 2*i - 6635. Suppose 4*g + 263 = -q + 3*g, -5*q = -g + i. Let b = -116 - q. Is b prime?
True
Suppose 6*z - 4*z - 1958 = 0. Is z composite?
True
Let m(h) be the third derivative of 17*h**5/2 - h**4/24 + 6*h**2. Is m(-1) prime?
False
Suppose 2*r = -2*q + 30, -4*r - 3*q = -35 - 29. Is r a prime number?
True
Let o be (-601)/(-3) + 6/(-18). Let f = o - -3. Is f prime?
False
Suppose 0 = -f - 0*f - 5*g + 268, -5*g - 318 = -f. Is f composite?
False
Let b(o) = 3*o**3 - 7*o**2 + 6*o + 11. Is b(8) a composite number?
True
Let l(n) = -n - 3. Let p be (3/2)/((-1)/2). Let a be l(p). Is (34 - a/3) + 1 a composite number?
True
Suppose 0 = -5*c + 459 + 5141. Suppose -5*n - 10 = -c. Let g = n - 148. Is g a prime number?
False
Suppose -2*d = -3*g + 1059, 0 = 4*g - 2*d - 1781 + 367. Is g composite?
True
Let z = -292 + 447. Is z a composite number?
True
Suppose -3*d + 753 = -0*d - 3*x, 3*x + 12 = 0. Is d composite?
True
Let v(l) = 3*l**2 - 7*l + 1. Suppose -5*h = -9*h + 24. Is v(h) a prime number?
True
Suppose -4*y + 3*y = -5. Suppose 0 = -2*l - y*r + 135, -3 = r - 8. Is l a composite number?
True
Suppose 6*c = 4*c - 226. Is 2/6*(-2 - c) a composite number?
False
Suppose 6*i = -4*u + 2*i + 1280, u + 5*i = 336. Suppose 0 = -4*k - 0*k + u. Is k a composite number?
False
Let m be ((-4)/(-5))/(4/20). Suppose m*b + 856 = 4*k, 2*k - 514 = -5*b - 107. Is k composite?
False
Let i = -674 + -468. Is i/(-8) - 3/(-12) a prime number?
False
Is ((-14)/3)/(6/(-117)) composite?
True
Let i(t) = 4*t**2 - t + 3. Let v be i(-5). Let c = v + -65. Is c a composite number?
False
Suppose -4*g = -3*l + 2*l - 28, -4*l - g = 112. Suppose -2*v + f + 3*f - 182 = 0, -2*v - 181 = -5*f. Let j = l - v. Is j a composite number?
True
Let w = -14 - -17. Suppose g = -w*g + 2*z + 624, -3*z = g - 170. Is g composite?
True
Let z(x) = -7*x + 7. Let r(h) = 6*h - 7. Let o(u) = 6*r(u) + 5*z(u). Suppose -5*q = -3*b - 60, -q + 0 - 1 = 2*b. Is o(q) a composite number?
False
Let y(p) = p**2 - 8*p + 2. Let w be y(8). Suppose 0 = 5*o - w - 8. Suppose o*b = -0*b + 298. Is b a prime number?
True
Suppose j + j - 2*v - 4632 = 0, j - 2322 = -5*v. Is j prime?
False
Let i(j) = 57*j**2 - 3*j + 1. Let d(f) = -172*f**2 + 10*f - 3. Let y(q) = 2*d(q) + 7*i(q). Is y(1) composite?
True
Let k = -47 - -312. Is k prime?
False
Let k = 145 + -78. Suppose 5*l + k = 4*g - 125, 167 = 3*g + 2*l. Is g composite?
False
Suppose -n + 1 = -12. Let o = n + -6. Is o prime?
True
Suppose 2*u - 9 = 3*v + 9, -3*v + 36 = 4*u. Suppose 4*j = -3*z + 53, u + 39 = 3*z + 3*j. Is z prime?
True
Let v = 8 - 10. Is (17/v)/(2/(-20)) a prime number?
False
Let b = -26 - -49. Is b prime?
True
Let m(g) = -6*g - 9*g**3 + 54*g**3 + 5*g. Let k be m(-1). Let z = 63 + k. Is z a composite number?
False
Suppose -3*w - q + 4 = 3*q, -2*w + 3*q = 3. Let j(p) = -p**2 + 161. Is j(w) composite?
True
Suppose 91 = -5*q + 4*q. Let h = -36 - q. Is h a prime number?
False
Suppose 3 = -3*l + 6. Let o be 4/(-6)*-3*l. Suppose 3 + 0 = 3*g, o*g - 40 = -2*n. Is n a composite number?
False
Suppose 2*f = -3*f - 5*z + 40, 0 = f - 5*z + 4. Let q = 10 - f. Is q + -2 + 9/1 composite?
False
Let w be (-12)/((-27)/6 - -3). Let a(p) = p**3 - 7*p**2 + 11*p + 7. Is a(w) prime?
False
Suppose 3*t + t = 0. Let o(m) = 120 - 2*m + 4*m - m - 11. Is o(t) prime?
True
Let m(b) = -2*b - 4. Let d be m(-4). Suppose t + 8 = g, -5*g + d*t - 5*t + 52 = 0. Is g a composite number?
True
Suppose -4*g = 4*v - 296, g = -2*g - 5*v + 212. Is g a composite number?
False
Let l(q) = 2*q**3 + 5*q + 1. Suppose -t + 15 = -0*t. Let j = t - 11. Is l(j) a composite number?
False
Let f = 487 - -700. Is f composite?
False
Suppose -2*d - 3*v + 55 = 0, d + 2*v = -d + 50. Suppose 3*f - 47 = 5*s, 2*f + 4*s = -2*f + d. Is f a prime number?
False
Let f(q) = q**3 - 6*q**2 + 6*q - 2. Let s be f(5). Suppose 1 + s = 2*w. Is w/10 + 1040/50 a prime number?
False
Suppose 0 = 3*c - 10 - 2. Suppose 4*w - 228 = -c*f, w + 3*f - 21 = 40. Is w prime?
False
Let v(s) be the first derivative of s**3 - 3*s**2/2 - 5*s + 2. Suppose -4*n - 21 = -1. Is v(n) prime?
False
Suppose 6*c - 16 = 2*c. Is c a composite number?
True
Let j(q) = 20*q - 1. Let c be j(4). Suppose 0 = -2*a + 4*p + 158, a = -3*p + 6*p + c. Is a composite?
False
Let k be 4/(-10)*(5 + -10). Suppose -k*q - q + 29 = -5*z, -5*z - 5 = 5*q. Su